{"id":52,"date":"2026-03-15T22:03:01","date_gmt":"2026-03-15T19:03:01","guid":{"rendered":"https:\/\/eglen.yilmazciftci.net\/?page_id=52"},"modified":"2026-03-24T01:32:40","modified_gmt":"2026-03-23T22:32:40","slug":"anasayfa","status":"publish","type":"page","link":"https:\/\/eglen.yilmazciftci.net\/","title":{"rendered":"Anasayfa"},"content":{"rendered":"\t\t<div data-elementor-type=\"wp-page\" data-elementor-id=\"52\" class=\"elementor elementor-52\">\n\t\t\t\t<div class=\"elementor-element elementor-element-79fa585 e-grid e-con-boxed e-con e-parent\" data-id=\"79fa585\" data-element_type=\"container\" data-e-type=\"container\" data-settings=\"{&quot;background_background&quot;:&quot;classic&quot;}\">\n\t\t\t\t\t<div class=\"e-con-inner\">\n\t\t<div class=\"elementor-element elementor-element-074b030 e-con-full e-flex e-con e-child\" data-id=\"074b030\" data-element_type=\"container\" data-e-type=\"container\" data-settings=\"{&quot;background_background&quot;:&quot;classic&quot;}\">\n\t\t\t\t<div class=\"elementor-element elementor-element-2d76427 elementor-widget elementor-widget-image\" data-id=\"2d76427\" data-element_type=\"widget\" data-e-type=\"widget\" data-widget_type=\"image.default\">\n\t\t\t\t\t\t\t\t\t\t\t\t\t\t\t<img fetchpriority=\"high\" decoding=\"async\" width=\"800\" height=\"533\" src=\"https:\/\/eglen.yilmazciftci.net\/wp-content\/uploads\/2026\/03\/online-sohbet-odalari.jpg\" class=\"attachment-large size-large wp-image-97\" alt=\"Online Sohbet Odalar\u0131\" srcset=\"https:\/\/eglen.yilmazciftci.net\/wp-content\/uploads\/2026\/03\/online-sohbet-odalari.jpg 800w, https:\/\/eglen.yilmazciftci.net\/wp-content\/uploads\/2026\/03\/online-sohbet-odalari-300x200.jpg 300w, https:\/\/eglen.yilmazciftci.net\/wp-content\/uploads\/2026\/03\/online-sohbet-odalari-768x512.jpg 768w\" sizes=\"(max-width: 800px) 100vw, 800px\" \/>\t\t\t\t\t\t\t\t\t\t\t\t\t\t\t<\/div>\n\t\t<div class=\"elementor-element elementor-element-cbcdece e-con-full e-flex e-con e-child\" data-id=\"cbcdece\" data-element_type=\"container\" data-e-type=\"container\">\n\t\t\t\t<div class=\"elementor-element elementor-element-0c9bdc5 elementor-widget elementor-widget-text-editor\" data-id=\"0c9bdc5\" data-element_type=\"widget\" data-e-type=\"widget\" data-widget_type=\"text-editor.default\">\n\t\t\t\t\t\t\t\t\t\u00dccretsiz sohbet odalar\u0131na kat\u0131l, farkl\u0131 \u015fehirlerden insanlarla an\u0131nda tan\u0131\u015f. IRC tabanl\u0131 h\u0131zl\u0131 ve kesintisiz chat deneyimi ile sohbetin keyfini \u00e7\u0131kar.\t\t\t\t\t\t\t\t<\/div>\n\t\t\t\t<div class=\"elementor-element elementor-element-52c1536 elementor-align-justify elementor-widget elementor-widget-button\" data-id=\"52c1536\" data-element_type=\"widget\" data-e-type=\"widget\" data-widget_type=\"button.default\">\n\t\t\t\t\t\t\t\t\t\t<a class=\"elementor-button elementor-button-link elementor-size-sm\" href=\"#\">\n\t\t\t\t\t\t<span class=\"elementor-button-content-wrapper\">\n\t\t\t\t\t\t\t\t\t<span class=\"elementor-button-text\">Sohbet Odalar\u0131na Kat\u0131l<\/span>\n\t\t\t\t\t<\/span>\n\t\t\t\t\t<\/a>\n\t\t\t\t\t\t\t\t<\/div>\n\t\t\t\t<\/div>\n\t\t\t\t<\/div>\n\t\t<div class=\"elementor-element elementor-element-de8afb1 e-con-full e-flex e-con e-child\" data-id=\"de8afb1\" data-element_type=\"container\" data-e-type=\"container\" data-settings=\"{&quot;background_background&quot;:&quot;classic&quot;}\">\n\t\t\t\t<div class=\"elementor-element elementor-element-7180a0c elementor-widget elementor-widget-image\" data-id=\"7180a0c\" data-element_type=\"widget\" data-e-type=\"widget\" data-widget_type=\"image.default\">\n\t\t\t\t\t\t\t\t\t\t\t\t\t\t\t<img decoding=\"async\" width=\"800\" height=\"533\" src=\"https:\/\/eglen.yilmazciftci.net\/wp-content\/uploads\/2026\/03\/mobil-sohbet-keyfi.jpg\" class=\"attachment-large size-large wp-image-79\" alt=\"Mobil Sohbet Keyfi\" srcset=\"https:\/\/eglen.yilmazciftci.net\/wp-content\/uploads\/2026\/03\/mobil-sohbet-keyfi.jpg 800w, https:\/\/eglen.yilmazciftci.net\/wp-content\/uploads\/2026\/03\/mobil-sohbet-keyfi-300x200.jpg 300w, https:\/\/eglen.yilmazciftci.net\/wp-content\/uploads\/2026\/03\/mobil-sohbet-keyfi-768x512.jpg 768w\" sizes=\"(max-width: 800px) 100vw, 800px\" \/>\t\t\t\t\t\t\t\t\t\t\t\t\t\t\t<\/div>\n\t\t<div class=\"elementor-element elementor-element-a6d4e72 e-con-full e-flex e-con e-child\" data-id=\"a6d4e72\" data-element_type=\"container\" data-e-type=\"container\">\n\t\t\t\t<div class=\"elementor-element elementor-element-73e7928 elementor-widget elementor-widget-text-editor\" data-id=\"73e7928\" data-element_type=\"widget\" data-e-type=\"widget\" data-widget_type=\"text-editor.default\">\n\t\t\t\t\t\t\t\t\tMobil uyumlu sohbet sistemi ile diledi\u011fin her yerden chat yap. Telefon veya tablet \u00fczerinden h\u0131zl\u0131 ba\u011flant\u0131 ile sohbet odalar\u0131na an\u0131nda giri\u015f yap.\t\t\t\t\t\t\t\t<\/div>\n\t\t\t\t<div class=\"elementor-element elementor-element-45d5cf4 elementor-align-justify elementor-widget elementor-widget-button\" data-id=\"45d5cf4\" data-element_type=\"widget\" data-e-type=\"widget\" data-widget_type=\"button.default\">\n\t\t\t\t\t\t\t\t\t\t<a class=\"elementor-button elementor-button-link elementor-size-sm\" href=\"#\">\n\t\t\t\t\t\t<span class=\"elementor-button-content-wrapper\">\n\t\t\t\t\t\t\t\t\t<span class=\"elementor-button-text\">Mobil Chat'e Ba\u015fla<\/span>\n\t\t\t\t\t<\/span>\n\t\t\t\t\t<\/a>\n\t\t\t\t\t\t\t\t<\/div>\n\t\t\t\t<\/div>\n\t\t\t\t<\/div>\n\t\t<div class=\"elementor-element elementor-element-6851e09 e-con-full e-flex e-con e-child\" data-id=\"6851e09\" data-element_type=\"container\" data-e-type=\"container\" data-settings=\"{&quot;background_background&quot;:&quot;classic&quot;}\">\n\t\t\t\t<div class=\"elementor-element elementor-element-f71c2b2 elementor-widget elementor-widget-image\" data-id=\"f71c2b2\" data-element_type=\"widget\" data-e-type=\"widget\" data-widget_type=\"image.default\">\n\t\t\t\t\t\t\t\t\t\t\t\t\t\t\t<img decoding=\"async\" width=\"800\" height=\"533\" src=\"https:\/\/eglen.yilmazciftci.net\/wp-content\/uploads\/2026\/03\/yeni-insanlarla-tanis.jpg\" class=\"attachment-large size-large wp-image-83\" alt=\"Yeni insanlarla tan\u0131\u015f\" srcset=\"https:\/\/eglen.yilmazciftci.net\/wp-content\/uploads\/2026\/03\/yeni-insanlarla-tanis.jpg 800w, https:\/\/eglen.yilmazciftci.net\/wp-content\/uploads\/2026\/03\/yeni-insanlarla-tanis-300x200.jpg 300w, https:\/\/eglen.yilmazciftci.net\/wp-content\/uploads\/2026\/03\/yeni-insanlarla-tanis-768x512.jpg 768w\" sizes=\"(max-width: 800px) 100vw, 800px\" \/>\t\t\t\t\t\t\t\t\t\t\t\t\t\t\t<\/div>\n\t\t<div class=\"elementor-element elementor-element-094cf70 e-con-full e-flex e-con e-child\" data-id=\"094cf70\" data-element_type=\"container\" data-e-type=\"container\">\n\t\t\t\t<div class=\"elementor-element elementor-element-861ffef elementor-widget elementor-widget-text-editor\" data-id=\"861ffef\" data-element_type=\"widget\" data-e-type=\"widget\" data-widget_type=\"text-editor.default\">\n\t\t\t\t\t\t\t\t\tYeni arkada\u015fl\u0131klar kurabilece\u011fin sohbet odalar\u0131nda aktif kullan\u0131c\u0131larla tan\u0131\u015f. E\u011flenceli sohbet ortam\u0131nda sosyal \u00e7evreni geni\u015fletmeye hemen ba\u015fla.\t\t\t\t\t\t\t\t<\/div>\n\t\t\t\t<div class=\"elementor-element elementor-element-e5cc994 elementor-align-justify elementor-widget elementor-widget-button\" data-id=\"e5cc994\" data-element_type=\"widget\" data-e-type=\"widget\" data-widget_type=\"button.default\">\n\t\t\t\t\t\t\t\t\t\t<a class=\"elementor-button elementor-button-link elementor-size-sm\" href=\"#\">\n\t\t\t\t\t\t<span class=\"elementor-button-content-wrapper\">\n\t\t\t\t\t\t\t\t\t<span class=\"elementor-button-text\">Hemen Tan\u0131\u015fmaya Ba\u015fla<\/span>\n\t\t\t\t\t<\/span>\n\t\t\t\t\t<\/a>\n\t\t\t\t\t\t\t\t<\/div>\n\t\t\t\t<\/div>\n\t\t\t\t<\/div>\n\t\t<div class=\"elementor-element elementor-element-902e4f4 e-con-full e-flex e-con e-child\" data-id=\"902e4f4\" data-element_type=\"container\" data-e-type=\"container\" data-settings=\"{&quot;background_background&quot;:&quot;classic&quot;}\">\n\t\t\t\t<div class=\"elementor-element elementor-element-1b4cc5f elementor-widget elementor-widget-image\" data-id=\"1b4cc5f\" data-element_type=\"widget\" data-e-type=\"widget\" data-widget_type=\"image.default\">\n\t\t\t\t\t\t\t\t\t\t\t\t\t\t\t<img loading=\"lazy\" decoding=\"async\" width=\"800\" height=\"533\" src=\"https:\/\/eglen.yilmazciftci.net\/wp-content\/uploads\/2026\/03\/ucretsiz-chat-platformu.jpg\" class=\"attachment-large size-large wp-image-90\" alt=\"\u00dccretsiz Chat Platformu\" srcset=\"https:\/\/eglen.yilmazciftci.net\/wp-content\/uploads\/2026\/03\/ucretsiz-chat-platformu.jpg 800w, https:\/\/eglen.yilmazciftci.net\/wp-content\/uploads\/2026\/03\/ucretsiz-chat-platformu-300x200.jpg 300w, https:\/\/eglen.yilmazciftci.net\/wp-content\/uploads\/2026\/03\/ucretsiz-chat-platformu-768x512.jpg 768w\" sizes=\"(max-width: 800px) 100vw, 800px\" \/>\t\t\t\t\t\t\t\t\t\t\t\t\t\t\t<\/div>\n\t\t<div class=\"elementor-element elementor-element-4c4156c e-con-full e-flex e-con e-child\" data-id=\"4c4156c\" data-element_type=\"container\" data-e-type=\"container\">\n\t\t\t\t<div class=\"elementor-element elementor-element-551f31b elementor-widget elementor-widget-text-editor\" data-id=\"551f31b\" data-element_type=\"widget\" data-e-type=\"widget\" data-widget_type=\"text-editor.default\">\n\t\t\t\t\t\t\t\t\tTamamen \u00fccretsiz sohbet platformu ile limitsiz chat deneyimi ya\u015fa. Kay\u0131t olmadan sohbet et, g\u00fcvenli ve moderasyonlu ortamda vakit ge\u00e7ir.\t\t\t\t\t\t\t\t<\/div>\n\t\t\t\t<div class=\"elementor-element elementor-element-47fdc58 elementor-align-justify elementor-widget elementor-widget-button\" data-id=\"47fdc58\" data-element_type=\"widget\" data-e-type=\"widget\" data-widget_type=\"button.default\">\n\t\t\t\t\t\t\t\t\t\t<a class=\"elementor-button elementor-button-link elementor-size-sm\" href=\"#\">\n\t\t\t\t\t\t<span class=\"elementor-button-content-wrapper\">\n\t\t\t\t\t\t\t\t\t<span class=\"elementor-button-text\">\u00dccretsiz Sohbete Gir<\/span>\n\t\t\t\t\t<\/span>\n\t\t\t\t\t<\/a>\n\t\t\t\t\t\t\t\t<\/div>\n\t\t\t\t<\/div>\n\t\t\t\t<\/div>\n\t\t\t\t\t<\/div>\n\t\t\t\t<\/div>\n\t\t<div class=\"elementor-element elementor-element-c78d17e e-flex e-con-boxed e-con e-parent\" data-id=\"c78d17e\" data-element_type=\"container\" data-e-type=\"container\" data-settings=\"{&quot;background_background&quot;:&quot;classic&quot;}\">\n\t\t\t\t\t<div class=\"e-con-inner\">\n\t\t<div class=\"elementor-element elementor-element-6054e7d e-con-full e-flex e-con e-child\" data-id=\"6054e7d\" data-element_type=\"container\" data-e-type=\"container\">\n\t\t<div class=\"elementor-element elementor-element-cbab493 e-con-full e-flex e-con e-child\" data-id=\"cbab493\" data-element_type=\"container\" data-e-type=\"container\">\n\t\t<div class=\"elementor-element elementor-element-936e01b e-con-full e-flex e-con e-child\" data-id=\"936e01b\" data-element_type=\"container\" data-e-type=\"container\">\n\t\t\t\t<div class=\"elementor-element elementor-element-bcb948b elementor-widget elementor-widget-heading\" data-id=\"bcb948b\" data-element_type=\"widget\" data-e-type=\"widget\" data-widget_type=\"heading.default\">\n\t\t\t\t\t<h2 class=\"elementor-heading-title elementor-size-default\">\u00dccretsiz Sohbet Odalar\u0131 ile Hemen Sohbete Kat\u0131l<\/h2>\t\t\t\t<\/div>\n\t\t\t\t<div class=\"elementor-element elementor-element-8391c17 elementor-widget elementor-widget-text-editor\" data-id=\"8391c17\" data-element_type=\"widget\" data-e-type=\"widget\" data-widget_type=\"text-editor.default\">\n\t\t\t\t\t\t\t\t\t\u0130nternetin en keyifli yanlar\u0131ndan biri, farkl\u0131 \u015fehirlerden ve \u00fclkelerden insanlarla an\u0131nda ileti\u015fim kurabilmektir. Eglen.org, tamamen \u00fccretsiz sohbet odalar\u0131 ile kullan\u0131c\u0131lar\u0131na h\u0131zl\u0131, g\u00fcvenli ve e\u011flenceli bir chat deneyimi sunar. \u00dcye olmadan bile saniyeler i\u00e7inde sohbete kat\u0131labilir ve yeni insanlarla tan\u0131\u015fmaya ba\u015flayabilirsin.\t\t\t\t\t\t\t\t<\/div>\n\t\t\t\t<\/div>\n\t\t<div class=\"elementor-element elementor-element-ac45f95 e-con-full e-flex e-con e-child\" data-id=\"ac45f95\" data-element_type=\"container\" data-e-type=\"container\">\n\t\t\t\t<div class=\"elementor-element elementor-element-a3fc695 elementor-widget elementor-widget-heading\" data-id=\"a3fc695\" data-element_type=\"widget\" data-e-type=\"widget\" data-widget_type=\"heading.default\">\n\t\t\t\t\t<h2 class=\"elementor-heading-title elementor-size-default\">IRC Sohbet Nedir?<\/h2>\t\t\t\t<\/div>\n\t\t\t\t<div class=\"elementor-element elementor-element-865eecf elementor-widget elementor-widget-text-editor\" data-id=\"865eecf\" data-element_type=\"widget\" data-e-type=\"widget\" data-widget_type=\"text-editor.default\">\n\t\t\t\t\t\t\t\t\tIRC (Internet Relay Chat), y\u0131llard\u0131r kullan\u0131lan ve h\u00e2l\u00e2 pop\u00fclerli\u011fini koruyan bir sohbet altyap\u0131s\u0131d\u0131r. Eglen.org, bu g\u00fc\u00e7l\u00fc altyap\u0131y\u0131 modern aray\u00fcz ile birle\u015ftirerek sana hem klasik hem de g\u00fcncel bir sohbet deneyimi sunar. H\u0131zl\u0131 ba\u011flant\u0131, d\u00fc\u015f\u00fck gecikme ve stabil yap\u0131 sayesinde kesintisiz ileti\u015fim sa\u011flan\u0131r.\t\t\t\t\t\t\t\t<\/div>\n\t\t\t\t<\/div>\n\t\t<div class=\"elementor-element elementor-element-cf07bea e-con-full e-flex e-con e-child\" data-id=\"cf07bea\" data-element_type=\"container\" data-e-type=\"container\">\n\t\t\t\t<div class=\"elementor-element elementor-element-df30e6a elementor-widget elementor-widget-heading\" data-id=\"df30e6a\" data-element_type=\"widget\" data-e-type=\"widget\" data-widget_type=\"heading.default\">\n\t\t\t\t\t<h2 class=\"elementor-heading-title elementor-size-default\">Mobil Sohbet ile Her Yerden Chat Yap<\/h2>\t\t\t\t<\/div>\n\t\t\t\t<div class=\"elementor-element elementor-element-69bbc55 elementor-widget elementor-widget-text-editor\" data-id=\"69bbc55\" data-element_type=\"widget\" data-e-type=\"widget\" data-widget_type=\"text-editor.default\">\n\t\t\t\t\t\t\t\t\tArt\u0131k sohbet etmek i\u00e7in bilgisayar ba\u015f\u0131nda olman gerekmiyor. Mobil uyumlu chat sistemimiz sayesinde telefon veya tablet \u00fczerinden diledi\u011fin her yerden sohbet edebilirsin. Tek yapman gereken giri\u015f yapmak ve sohbete kat\u0131lmak.\t\t\t\t\t\t\t\t<\/div>\n\t\t\t\t<\/div>\n\t\t<div class=\"elementor-element elementor-element-72484b6 e-con-full e-flex e-con e-child\" data-id=\"72484b6\" data-element_type=\"container\" data-e-type=\"container\">\n\t\t\t\t<div class=\"elementor-element elementor-element-33b6adc elementor-widget elementor-widget-heading\" data-id=\"33b6adc\" data-element_type=\"widget\" data-e-type=\"widget\" data-widget_type=\"heading.default\">\n\t\t\t\t\t<h2 class=\"elementor-heading-title elementor-size-default\">Yeni \u0130nsanlarla Tan\u0131\u015f ve Sohbete Ba\u015fla<\/h2>\t\t\t\t<\/div>\n\t\t\t\t<div class=\"elementor-element elementor-element-87637b6 elementor-widget elementor-widget-text-editor\" data-id=\"87637b6\" data-element_type=\"widget\" data-e-type=\"widget\" data-widget_type=\"text-editor.default\">\n\t\t\t\t\t\t\t\t\tEglen.org sadece bir sohbet sitesi de\u011fil, ayn\u0131 zamanda yeni arkada\u015fl\u0131klar\u0131n ba\u015flad\u0131\u011f\u0131 bir platformdur. \u0130lgi alanlar\u0131na g\u00f6re odalara kat\u0131labilir, benzer d\u00fc\u015f\u00fcncedeki insanlarla tan\u0131\u015fabilir ve keyifli vakit ge\u00e7irebilirsin.\t\t\t\t\t\t\t\t<\/div>\n\t\t\t\t<\/div>\n\t\t<div class=\"elementor-element elementor-element-0adad26 e-con-full e-flex e-con e-child\" data-id=\"0adad26\" data-element_type=\"container\" data-e-type=\"container\">\n\t\t\t\t<div class=\"elementor-element elementor-element-e69c044 elementor-widget elementor-widget-heading\" data-id=\"e69c044\" data-element_type=\"widget\" data-e-type=\"widget\" data-widget_type=\"heading.default\">\n\t\t\t\t\t<h2 class=\"elementor-heading-title elementor-size-default\">G\u00fcvenli ve \u00dccretsiz Sohbet Sitesi<\/h2>\t\t\t\t<\/div>\n\t\t\t\t<div class=\"elementor-element elementor-element-cc321b9 elementor-widget elementor-widget-text-editor\" data-id=\"cc321b9\" data-element_type=\"widget\" data-e-type=\"widget\" data-widget_type=\"text-editor.default\">\n\t\t\t\t\t\t\t\t\tPlatformumuz tamamen \u00fccretsizdir ve kullan\u0131c\u0131 g\u00fcvenli\u011fi \u00f6n planda tutulur. Moderasyon sistemi sayesinde sohbet ortam\u0131 d\u00fczenli ve kaliteli kal\u0131r. Sen de hemen kat\u0131l ve bu deneyimi ya\u015famaya ba\u015fla.\t\t\t\t\t\t\t\t<\/div>\n\t\t\t\t<\/div>\n\t\t\t\t<\/div>\n\t\t\t\t<\/div>\n\t\t<div class=\"elementor-element elementor-element-ad9d8fa e-con-full e-flex e-con e-child\" data-id=\"ad9d8fa\" data-element_type=\"container\" data-e-type=\"container\">\n\t\t<div class=\"elementor-element elementor-element-b92176d e-con-full e-flex e-con e-child\" data-id=\"b92176d\" data-element_type=\"container\" data-e-type=\"container\" data-settings=\"{&quot;background_background&quot;:&quot;classic&quot;}\">\n\t\t\t\t<div class=\"elementor-element elementor-element-fec6109 elementor-widget elementor-widget-image\" data-id=\"fec6109\" data-element_type=\"widget\" data-e-type=\"widget\" data-widget_type=\"image.default\">\n\t\t\t\t\t\t\t\t\t\t\t\t\t\t\t<img loading=\"lazy\" decoding=\"async\" width=\"800\" height=\"533\" src=\"https:\/\/eglen.yilmazciftci.net\/wp-content\/uploads\/2026\/03\/sohbet-odalarini-kesfet.jpg\" class=\"attachment-large size-large wp-image-104\" alt=\"\" srcset=\"https:\/\/eglen.yilmazciftci.net\/wp-content\/uploads\/2026\/03\/sohbet-odalarini-kesfet.jpg 800w, https:\/\/eglen.yilmazciftci.net\/wp-content\/uploads\/2026\/03\/sohbet-odalarini-kesfet-300x200.jpg 300w, https:\/\/eglen.yilmazciftci.net\/wp-content\/uploads\/2026\/03\/sohbet-odalarini-kesfet-768x512.jpg 768w\" sizes=\"(max-width: 800px) 100vw, 800px\" \/>\t\t\t\t\t\t\t\t\t\t\t\t\t\t\t<\/div>\n\t\t<div class=\"elementor-element elementor-element-15c37c5 e-con-full e-flex e-con e-child\" data-id=\"15c37c5\" data-element_type=\"container\" data-e-type=\"container\">\n\t\t\t\t<div class=\"elementor-element elementor-element-903a69e elementor-widget elementor-widget-text-editor\" data-id=\"903a69e\" data-element_type=\"widget\" data-e-type=\"widget\" data-widget_type=\"text-editor.default\">\n\t\t\t\t\t\t\t\t\tTamamen \u00fccretsiz sohbet et, diledi\u011fin kadar mesajla\u015f, keyifli ve genel chat platformunda e\u011flen.\t\t\t\t\t\t\t\t<\/div>\n\t\t\t\t<div class=\"elementor-element elementor-element-3423b58 elementor-align-justify elementor-widget__width-initial elementor-widget elementor-widget-button\" data-id=\"3423b58\" data-element_type=\"widget\" data-e-type=\"widget\" data-widget_type=\"button.default\">\n\t\t\t\t\t\t\t\t\t\t<a class=\"elementor-button elementor-button-link elementor-size-sm\" href=\"#\">\n\t\t\t\t\t\t<span class=\"elementor-button-content-wrapper\">\n\t\t\t\t\t\t\t\t\t<span class=\"elementor-button-text\">Sohbet Odalar\u0131n\u0131 Ke\u015ffet<\/span>\n\t\t\t\t\t<\/span>\n\t\t\t\t\t<\/a>\n\t\t\t\t\t\t\t\t<\/div>\n\t\t\t\t<\/div>\n\t\t\t\t<\/div>\n\t\t\t\t<\/div>\n\t\t\t\t\t<\/div>\n\t\t\t\t<\/div>\n\t\t\t\t<\/div>\n\t\t","protected":false},"excerpt":{"rendered":"<p>\u00dccretsiz sohbet odalar\u0131na kat\u0131l, farkl\u0131 \u015fehirlerden insanlarla an\u0131nda tan\u0131\u015f. IRC tabanl\u0131 h\u0131zl\u0131 ve kesintisiz chat deneyimi ile sohbetin keyfini \u00e7\u0131kar. Sohbet Odalar\u0131na Kat\u0131l Mobil uyumlu sohbet sistemi ile diledi\u011fin her yerden chat yap. Telefon veya tablet \u00fczerinden h\u0131zl\u0131 ba\u011flant\u0131 ile sohbet odalar\u0131na an\u0131nda giri\u015f yap. Mobil Chat&#8217;e Ba\u015fla Yeni arkada\u015fl\u0131klar kurabilece\u011fin sohbet odalar\u0131nda aktif kullan\u0131c\u0131larla [&hellip;]<\/p>\n","protected":false},"author":1,"featured_media":0,"parent":0,"menu_order":0,"comment_status":"closed","ping_status":"closed","template":"","meta":{"footnotes":""},"class_list":["post-52","page","type-page","status-publish","hentry"],"_links":{"self":[{"href":"https:\/\/eglen.yilmazciftci.net\/index.php\/wp-json\/wp\/v2\/pages\/52","targetHints":{"allow":["GET"]}}],"collection":[{"href":"https:\/\/eglen.yilmazciftci.net\/index.php\/wp-json\/wp\/v2\/pages"}],"about":[{"href":"https:\/\/eglen.yilmazciftci.net\/index.php\/wp-json\/wp\/v2\/types\/page"}],"author":[{"embeddable":true,"href":"https:\/\/eglen.yilmazciftci.net\/index.php\/wp-json\/wp\/v2\/users\/1"}],"replies":[{"embeddable":true,"href":"https:\/\/eglen.yilmazciftci.net\/index.php\/wp-json\/wp\/v2\/comments?post=52"}],"version-history":[{"count":64,"href":"https:\/\/eglen.yilmazciftci.net\/index.php\/wp-json\/wp\/v2\/pages\/52\/revisions"}],"predecessor-version":[{"id":134,"href":"https:\/\/eglen.yilmazciftci.net\/index.php\/wp-json\/wp\/v2\/pages\/52\/revisions\/134"}],"wp:attachment":[{"href":"https:\/\/eglen.yilmazciftci.net\/index.php\/wp-json\/wp\/v2\/media?parent=52"}],"curies":[{"name":"wp","href":"https:\/\/api.w.org\/{rel}","templated":true}]}}